19 prime?
True
Is 170026264883 prime?
True
Is 2494652129 a composite number?
True
Is 490686007 composite?
True
Is 506761067 a composite number?
False
Is 8598134143 composite?
False
Is 629350741 a composite number?
True
Is 510396767 composite?
False
Is 159144533 a prime number?
False
Is 107064193 prime?
False
Is 4641080647 composite?
True
Is 698961847 composite?
True
Is 2165892349 a prime number?
True
Is 8926973389 a composite number?
False
Is 59015155007 composite?
False
Is 1487646367 a composite number?
False
Is 2210897231 prime?
False
Is 6182640089 prime?
True
Is 8466003407 a composite number?
False
Is 23541051047 a composite number?
False
Is 13771356833 composite?
True
Is 4139568679 prime?
False
Is 82677038 composite?
True
Is 138662913317 a composite number?
False
Is 1073849549 a composite number?
False
Is 8232168331 prime?
True
Is 2574147739 a composite number?
False
Is 23524019 a prime number?
True
Is 110727242273 a prime number?
False
Is 187359371 composite?
False
Is 307031636563 composite?
False
Is 14539454555 composite?
True
Is 49213267 prime?
True
Is 14906768399 prime?
True
Is 2462935273 a composite number?
True
Is 36755161 a composite number?
False
Is 3946707673 a prime number?
True
Is 8771657623 composite?
True
Is 118753253 prime?
False
Is 47669316841 a prime number?
True
Is 69177665329 a prime number?
True
Is 592678621 prime?
True
Is 978303943 composite?
True
Is 7192459957 composite?
True
Is 32722975849 prime?
True
Is 308048183 a prime number?
False
Is 1249007203 a composite number?
True
Is 32670042623 a prime number?
True
Is 148908667 composite?
False
Is 766519739 prime?
True
Is 3987976711 prime?
True
Is 121198187923 a composite number?
True
Is 826906309 a prime number?
False
Is 4838055199 prime?
False
Is 12373113967 a prime number?
True
Is 1953668347 a prime number?
False
Is 5261582153 prime?
False
Is 1267857259 composite?
True
Is 369050351 composite?
False
Is 2095615261 prime?
False
Is 554705873 prime?
False
Is 8701757261 composite?
False
Is 918717599 prime?
True
Is 3515753113 a prime number?
False
Is 8720377121 prime?
False
Is 9720364909 a composite number?
False
Is 899337967 a prime number?
False
Is 2061757121 composite?
False
Is 2544989341 a composite number?
False
Is 1225747547 composite?
False
Is 4952312509 prime?
True
Is 2156022599 composite?
True
Is 9335636381 a composite number?
False
Is 160638164431 a composite number?
False
Is 824230081 prime?
True
Is 2383601833 a composite number?
True
Is 16734101281 a prime number?
True
Is 1747633087 a prime number?
True
Is 1871236751 a composite number?
False
Is 6714661619 a prime number?
True
Is 8411186659 prime?
True
Is 132400309 composite?
False
Is 21587108519 a prime number?
False
Is 14445831913 composite?
False
Is 9929096899 prime?
True
Is 142432430117 composite?
False
Is 27888872159 composite?
False
Is 164316181 a composite number?
True
Is 1280160647 a composite number?
True
Is 36601833482 composite?
True
Is 17017831007 a prime number?
True
Is 2867396699 composite?
True
Is 4219628971 a prime number?
False
Is 1917994157 a composite number?
True
Is 1240412453 composite?
True
Is 31949942629 composite?
True
Is 724397495 a composite number?
True
Is 1427192981 a composite number?
True
Is 23080493129 a composite number?
False
Is 2722320439 prime?
True
Is 407943629 a composite number?
False
Is 4771236439 a composite number?
True
Is 10765895477 composite?
True
Is 3816862447 composite?
True
Is 5294762611 a prime number?
True
Is 19072495877 a prime number?
True
Is 2489540929 a prime number?
True
Is 2234810747 prime?
False
Is 2917544243 composite?
False
Is 2003660947 a prime number?
True
Is 35689646137 a composite number?
True
Is 9169011133 prime?
False
Is 2143662043 prime?
True
Is 5106386291 a prime number?
True
Is 366028837 a composite number?
True
Is 6531936959 a composite number?
False
Is 3230895397 a prime number?
True
Is 630576013 composite?
False
Is 932310499 prime?
False
Is 4628706209 a prime number?
True
Is 6043604903 a composite number?
True
Is 120736481 prime?
False
Is 1860541367 prime?
False
Is 4756321859 composite?
False
Is 9104243609 prime?
True
Is 2599482163 composite?
True
Is 137616601567 prime?
True
Is 279306749 prime?
False
Is 4446076331 a composite number?
True
Is 39643978757 a composite number?
False
Is 3664164467 prime?
True
Is 3207249541 prime?
True
Is 2901798397 composite?
False
Is 53011489 composite?
False
Is 1862840017 a prime number?
True
Is 790957018 prime?
False
Is 7998159841 a prime number?
False
Is 2061157237 composite?
False
Is 933692953 prime?
True
Is 55979641691 a composite number?
False
Is 1038937187 a prime number?
True
Is 424518307 composite?
False
Is 7307154403 prime?
True
Is 36444645163 a composite number?
False
Is 2554104053 composite?
False
Is 965611942 a prime number?
False
Is 101507734093 composite?
True
Is 3297756277 a composite number?
True
Is 3651686491 a composite number?
True
Is 46361246443 a prime number?
True
Is 8296273567 prime?
False
Is 32141349769 composite?
True
Is 6683285963 composite?
False
Is 25744214999 prime?
True
Is 9528361 a prime number?
False
Is 102315737 composite?
True
Is 383299171 composite?
False
Is 2276731343 a composite number?
False
Is 694874559 prime?
False
Is 33757533935 a prime number?
False
Is 356284997 prime?
False
Is 21183897445 composite?
True
Is 262729289 a prime number?
True
Is 2083866671 composite?
False
Is 7303793417 a prime number?
True
Is 536999921 composite?
False
Is 17930045923 composite?
False
Is 1644151637 prime?
False
Is 1114966757 a prime number?
True
Is 418297993 composite?
False
Is 33183661211 a composite number?
False
Is 4431496373 prime?
False
Is 58460318617 composite?
False
Is 2786054977 a prime number?
False
Is 46380984133 a composite number?
True
Is 262269017 a prime number?
True
Is 94643611 composite?
True
Is 4767313 a composite number?
True
Is 9463202323 a prime number?
True
Is 18951545011 a composite number?
True
Is 37854484333 a prime number?
True
Is 8740290101 prime?
True
Is 9336086413 a composite number?
False
Is 2497812049 a composite number?
False
Is 897623143 a composite number?
False
Is 270960511 composite?
False
Is 35447923393 a prime number?
True
Is 34298615863 prime?
False
Is 9214867967 composite?
False
Is 644352733 prime?
True
Is 88174153 a prime number?
True
Is 6939020227 a composite number?
True
Is 7288128371 composite?
True
Is 191716979 prime?
True
Is 5991077551 a prime number?
False
Is 1042090241 composite?
True
Is 854689897 a composite number?
True
Is 6925113163 prime?
True
Is 2232758537 a prime number?
False
Is 365631407 prime?
False
Is 175845797 a composite number?
False
Is 11870314769 a prime number?
False
Is 291604759 a prime number?
False
Is 16331559749 composite?
False
Is 435738613 a composite number?
True
Is 12583276109 prime?
True
Is 13425562453 a prime number?
True
Is 3248391567 a composite number?
True
Is 2811098183 composite?
False
Is 690488003 a composite number?
False
Is 14204688733 prime?
False
Is 4782520271 composite?
False
Is 899832067 a prime number?
True
Is 450419843 a prime number?
False
Is 3971778469 a prime number?
True
Is 13822185613 prime?
True
Is 788665811 prime?
False
Is 834265045 a prime number?
False
Is 34624851559 a composite number?
True
Is 2483607323 a composite number?
True
Is 6981656009 composite?
True
Is 923616407 a composite number?
True
Is 7328380121 a composite number?
False
Is 51939279751 composite?
False
Is 1721105587 a prime number?
False
Is 584359747 composite?
True
Is 1336502891 a composite number?
False
Is 26446116101 prime?
True
Is 8136173629 a prime number?
True
Is 9777970441 a composite number?
False
Is 42843809318 a prime number?
False
Is 33932543219 a composite number?
True
Is 47634107537 prime?
True
Is 37803375179 a prime number?
True
Is 72692412343 prime?
True
Is 5974985641 prime?
False
Is 2227779607 a composite number?
True
Is 5855532263 a prime number?
False
Is 18370110953 prime?
True
Is 13213100363 a prime number?
False
Is 863798365 prime?
False
Is 67974864779 prime?
False
Is 658563553 composite?
True
Is 9039051319 a prime number?
True
Is 7880662219 a composite number?
False
Is 100817417 a prime number?
True
Is 13429909 a composite number?
False
Is 4590979847 prime?
True
Is 7205039479 composite?
True
Is 225746189 prime?
